are the prime factors of h?
199
Let v(b) = 10*b + 3. Let n be v(-6). Let p = n + 37. What are the prime factors of 84/10 - (-8)/p?
2
Let r = 43 + -68. Let l = r - -43. Let v = l - 8. List the prime factors of v.
2, 5
List the prime factors of 4/(9 + 3) - 287/(-3).
2, 3
Suppose o + 4*x = -19, -2*x - 11 = 2*o - o. List the prime factors of ((-48)/(-3))/(-2 - o).
2
Let p = -8 + 11. Suppose 10 = -2*m, -5*s + 25 = -p*m + m. List the prime factors of s.
3
Let l = 7 + 5. Let o be (-1 + 0)/((-4)/l). Suppose -5*d + 10 - 2 = -4*h, 27 = 5*h + o*d. List the prime factors of h.
3
Suppose q - 32 = -q. List the prime factors of q.
2
Suppose -g - 3*x = -3*g + 7, g + 1 = -3*x. List the prime factors of g.
2
Suppose 2*c + 0 = 4. Suppose -c*a + 6 + 12 = 2*i, 0 = -3*i + 4*a - 1. Suppose n = -i*r + 30, -6*n - 41 = -3*r - 2*n. What are the prime factors of r?
7
Suppose 3*g - 10 = -4. Suppose 4*j - 32 = -2*o - 0*o, 0 = -o + g*j + 20. Suppose 5*s + 2*h - o = 3*s, -3*s = -5*h - 27. List the prime factors of s.
3
Suppose 6*i - 8*i = -10. What are the prime factors of (2 - 7)*(-32)/i?
2
Suppose -4*h + 3*h = -6. Suppose 0 = -3*v - t - 3, -4*v = -3*v - 4*t - 12. Suppose 0 = 2*d - v*d - h. List the prime factors of d.
3
Suppose -3*g + s + 18 = -77, g - 45 = -3*s. What are the prime factors of (-1)/(g/(-15) + 2)?
5
Suppose 3 = -3*r + 2*r. List the prime factors of r/(-6) - 54/(-4).
2, 7
Let b = -95 + 162. List the prime factors of b.
67
Let l be (32/4)/(0 - 2). List the prime factors of l - (-1 - 63)/1.
2, 3, 5
Let a be 0/4 - (-25)/1. Suppose 0 = w + 4*w - a. Suppose 0 = w*f - 32 - 8. What are the prime factors of f?
2
Let w be 15/(-10)*128/(-6). Let h be w/(-12)*3/(-2). Suppose -27 = h*y - 107. List the prime factors of y.
2, 5
Suppose 62 = 4*n - 3*t, 61 = 5*n + 2*t - 28. What are the prime factors of n?
17
Suppose 0 = 4*q - 20 - 52. Suppose 5*d - 3*z - q = 3, -5*d + 25 = -5*z. Suppose 46 = 4*r + 5*i - 0*i, -d*i = -2*r + 12. List the prime factors of r.
3
Let j = 18 + -13. Let w = j + -1. What are the prime factors of w?
2
Let x(p) = -p**3 + 6*p**2 - p + 7. List the prime factors of x(5).
3
Let u(r) = 11*r - 2*r + r. Suppose 3*a + 16 - 3 = 4*n, 3*n = a + 6. What are the prime factors of u(n)?
2, 5
Let s(o) = -o**2 + 3*o. Let u be 1 + -1 - (-3 - 1). Suppose x + 6 = u*x. What are the prime factors of s(x)?
2
Suppose -30*n = -29*n - 81. What are the prime factors of n?
3
Let i be (1/3)/((-1)/(-3)). Let p(h) = -h**3 + 4*h**2 - 3*h + 3. Let s be p(3). What are the prime factors of -1 + s - (i - 7)?
2
List the prime factors of (128/(-40))/(2/(-25)).
2, 5
Let g be (2 - 24/9)*9. Let j(d) = -d**2 - 9*d - 8. List the prime factors of j(g).
2, 5
Suppose -19 = 4*k - j, -17 = 4*k - 2*j - j. List the prime factors of (k/15)/((-2)/150).
5
Let p be (-1 + 9)/(6/123). Suppose -5*m + 26 + p = -5*g, 28 = m + g. Suppose 2*n - m = -13. What are the prime factors of n?
2, 5
Suppose 0 = t - 0 - 4. Let i = 6 - t. Suppose 0 = i*w - 4. What are the prime factors of w?
2
Let t be 793/26 + (-2)/4. What are the prime factors of (0 + 2)*t/4?
3, 5
What are the prime factors of (22 - (0 + 3))*(5 + -1)?
2, 19
Suppose 5*x = 7*x. Suppose -5*m + 135 = 5*q, x = -7*q + 2*q + m + 123. What are the prime factors of q?
5
Suppose 0 = 3*y + y - 4. Let x = 4 - y. Suppose -4 = -x*r - 4*u + 13, 5*u = -4*r + 24. What are the prime factors of r?
11
Suppose 5*z - 25 = 2*g - 4*g, 3*z - 15 = g. Suppose -3*r + 3 = -x - r, g = -4*x - 2*r + 18. What are the prime factors of x?
3
Let j = 3 + 3. Suppose 0 = -0*p + 3*p - j. List the prime factors of p.
2
Let w(b) = 289*b**2 - 3*b - 3. What are the prime factors of w(-1)?
17
Let y = 1 - -1. Suppose 3*z - 4*o = 54, 5*o + 0*o - 13 = -y*z. What are the prime factors of z?
2, 7
List the prime factors of (-2)/10 - (-5016)/55.
7, 13
Let o(h) = -h + 2*h + h - 3*h + 11*h**2. Let x be o(2). Suppose -n = -5*s - 4*n + 50, 0 = -4*s - 2*n + x. What are the prime factors of s?
13
Let o = -5 + 7. Suppose 23 = o*j - b, -2*j + 0*b + 27 = 3*b. Suppose k + 1 = j. What are the prime factors of k?
11
List the prime factors of 22*(-5)/30*-3.
11
Let y(z) = 2*z. Suppose 0 = -2*u + 4*u - 4. Suppose 3*d = 2*x - 10, u*x + 4*d + 5 = 1. What are the prime factors of y(x)?
2
Let f(s) = -s**2 + 4*s + 3. Let k be 2*(-3 - (-10)/2). Let d be f(k). Suppose -2*z + 7 - 3 = -2*m, 0 = -z + d*m + 2. What are the prime factors of z?
2
Suppose -10 = -4*i + 10. Let m(p) = p**3 - 4*p**2 - 3*p - 6. Let h be m(i). Suppose 2*k = -h*w + 14, -k = -0*w + w - 5. What are the prime factors of k?
3
Let t = 53 - -2. List the prime factors of t.
5, 11
Suppose 9 = i + 2*i. Suppose -235 = -2*x - i*x. List the prime factors of x.
47
Let z = -12 - -15. List the prime factors of z.
3
Let f be (-1 - -4)*(-7)/(-3). Suppose a - 71 = -2*a + c, -4*c - 100 = -4*a. Let p = a - f. List the prime factors of p.
2
Let m be (1/1)/((-1)/(-26)). Let l = -17 + m. What are the prime factors of l?
3
Suppose g + g + 3*o - 15 = 0, -g - 4*o + 15 = 0. Suppose -d + g = 1. Suppose 0 = -2*t - d*t + 4*a + 52, 0 = 4*t + a - 27. What are the prime factors of t?
2
What are the prime factors of (6 + -7)/((-2)/22)?
11
Let r = -43 + 95. What are the prime factors of r?
2, 13
List the prime factors of (-8)/(-2) - -2 - 2.
2
Let s = -2 - 0. Let z = s + 0. Let o = 6 + z. What are the prime factors of o?
2
Let f be (6/15)/(5/50). Let i(p) = -p**2 + 6*p - 6. What are the prime factors of i(f)?
2
Let v = 175 + -103. List the prime factors of v.
2, 3
Let l = 30 + 69. What are the prime factors of l?
3, 11
Let q = 37 - 7. What are the prime factors of ((-40)/60)/((-2)/q)?
2, 5
Let n(q) = 2*q**2 - 34*q + 12. What are the prime factors of n(18)?
2, 3
Let t be 2/5 + 3/5. Let d(p) be the first derivative of 7*p**2/2 - p - 1. List the prime factors of d(t).
2, 3
Suppose -4*i - 4*k + k = -375, 0 = -5*i - 5*k + 475. What are the prime factors of i?
2, 3, 5
Let r = -25 - -48. Let t = 44 - r. What are the prime factors of t?
3, 7
Suppose -4*l - 86 = -5*l. List the prime factors of l.
2, 43
Suppose 4*n - 253 = -3*w, 0 = 5*w - 2*n + 5*n - 407. What are the prime factors of w?
79
Suppose 15 = -3*w, 3*h + 4*w + 16 = -h. Let a = 13 - h. Let n = 23 - a. List the prime factors of n.
11
Suppose 5 = b + 2. Let u be (-2 + 5)/(b/2). Suppose 10 = 3*l - u*l. List the prime factors of l.
2, 5
Let q(t) = 2*t - t - 2*t + 5*t**2. Let n be q(2). Suppose -4*w = -w - n. List the prime factors of w.
2, 3
Let p(x) = -5*x + 4. Let z be p(-6). Suppose -l = -3*l + z. List the prime factors of l.
17
Let f(w) = 2*w**2 + 2*w + 1. List the prime factors of f(-5).
41
Let m(o) = o**3 - 11*o**2 - o + 11. Let v be m(11). Suppose -5*a - c + 89 - 23 = v, 8 = -2*c. List the prime factors of a.
2, 7
Let i(z) be the third derivative of z**6/60 - z**5/60 + z**4/12 - z**3/6 - 4*z**2. What are the prime factors of i(1)?
2
Let i(f) = 4*f**2 - 7*f + 5. Let k(c) = 5*c**2 - 6*c + 6. Let n(w) = 4*i(w) - 3*k(w). What are the prime factors of n(10)?
2
Let w = 79 + -46. Suppose -4*o + w = 9. What are the prime factors of o?
2, 3
Let j = -10 - 263. Let u be 6*(j/6 + -1). List the prime factors of 1/(-4) + u/(-12).
23
Let l(v) = -3*v**2 + 29*v - 2. List the prime factors of l(7).
2, 3
Let l = 129 + 18. List the prime factors of l.
3, 7
Let f(j) = -7*j**2 + 2*j - 3. Let c(y) = -6*y**2 + y - 2. Let u(w) = -3*c(w) + 2*f(w). Let k be u(-1). Suppose 0 = -5*m + k + 7. List the prime factors of m.
2
Let n be (-2 - -4)/1 - -1. Suppose -n*p - 2*o = -160, -2*p - 3*p = -5*o - 250. What are the prime factors of p?
2, 13
Let x be 1 - 1/2*-2. Suppose x*d + 5*n - 6 = 0, 0*n - 3 = -d - 5*n. Let i = d + 1. What are the prime factors of i?
2
Suppose 4*f - 16 = -3*t, 2*t - 3 = 4*f + f. Let x be (2/t)/((-2)/(-24)). Let r(w) = -w**2 + 7*w + 5. List the prime factors of r(x).
11
Let j = -55 - -83. What are the prime factors of j?
2, 7
Let z(k) = -47*k + 1. Let j be z(-1). Suppose -16 = -2*o - 3*w, -3 = -5*o - 2*w + j. What are the prime factors of o?
11
Let v be -1 - (-3 + -2 - 0). Suppose -5*d = -v*d - 10. What are the prime factors of d?
2, 5
Suppose -4*a - a = -45. Let v be 189/(-6)*(-6)/a. Let w = -11 + v. List the prime factors of w.
2, 5
Suppose -9 - 7 = 2*v. Let k(j) = j**2 + 6*j - 11. List the prime factors of k(v).
5
What are the prime factors o